 t a prime number?
False
Let u be (6 - 3)*14/3. Let z = -20 + u. Is (-2)/z - (-1419)/9 prime?
False
Is (17084/(-24))/((-6)/36) prime?
True
Suppose 16 = 3*u + 1. Suppose 4*f - m + 3 = 18, 5*m = u*f. Suppose f*j = 2*j + 174. Is j a composite number?
True
Let k(n) = 1047*n + 10. Let x be 53/11 - (675/99 - 7). Is k(x) a composite number?
True
Let r = 417889 + -50318. Is r prime?
False
Let g(j) = -7947*j - 251. Is g(-6) composite?
False
Let k(v) = -3*v + 24. Let a be k(5). Let u be ((-6)/a)/((-3)/18 + 0). Suppose -o = 3*d - 2005, u*o - d - d = 7964. Is o a composite number?
False
Suppose 3*r - 4311 = 244*p - 248*p, r + 2*p - 1435 = 0. Is r a composite number?
True
Let p(l) = -4*l - 3*l - 21 - 10*l. Let q = -9172 - -9156. Is p(q) a prime number?
True
Suppose -29*f + 21954417 = 2389306. Is f prime?
False
Suppose 1 + 65 = -11*l. Is 1101*(119/42 - (-3)/l) prime?
False
Suppose z = 0, 0 = -v - 3*v + 5*z. Let p = 17 + -20. Is (2 + p + v - -4) + 976 a prime number?
False
Let n = 61 + -103. Let p = n + 46. Is ((-2)/p)/((-6)/444) a prime number?
True
Let h = -1062821 - -1526164. Is h composite?
False
Is -2*(7122341/(-92))/(-1*1/(-2)) prime?
True
Let k be (14 + -14)/14 - (-31000 - 1). Suppose k = 50*c - 10449. Is c prime?
True
Let f = 2621 - 4572. Let w = f + 5462. Is w composite?
False
Let g(y) = -535*y**2 - 3*y + 26. Let r be g(5). Let i = -3171 - r. Is i composite?
False
Let q = -3175 - -7494. Is q a composite number?
True
Let s be (-2)/(-16) + (364827/(-24) - 1). Let c = s + 22919. Is c a prime number?
True
Let q be 1 + 0 + 4*3. Let o be (-2)/(((-26)/(-480))/q). Let v = o - -691. Is v a prime number?
True
Suppose 3*c = -2*l + 850309, -450979 - 399365 = -3*c + 3*l. Is c a composite number?
True
Suppose 2*g = -3*y + 8, 35*y - 5*g = 40*y - 15. Suppose 7*u - 2*t - 597 = y*u, -5*u - 2*t + 593 = 0. Is u a composite number?
True
Suppose 9*j - 8*j = 3. Suppose -4*k = -3*b - 2*k - 28, j*k - 37 = 4*b. Let o(v) = -v**3 + 5*v + 5. Is o(b) composite?
True
Let b(h) = -h**3 - 4*h**2 + 5*h - 7. Let t be b(-5). Is ((-84)/2)/t + (-6546)/(-2) a prime number?
False
Let a be (-4 + 0 - (-251672)/1) + -2. Suppose 75427 = 13*f - a. Is f composite?
True
Let c = 74 - 55. Let f(l) = -2*l - 7*l + c*l + 4 + 73*l. Is f(6) composite?
True
Let f(v) = -v**3 - 14*v**2 - 75*v + 183. Is f(-20) a composite number?
True
Suppose 3*t + j - 20925 = 2*t, -2*t + 41840 = -3*j. Suppose 3*b - t = -0*h + 2*h, 5*h = 20. Is b a prime number?
True
Let l(j) = -j**3 + 3*j**2 - 2. Let o be l(2). Suppose 0 = 5*g - 4*m, 2*g + 2*m = 5*g - 2. Is (-1)/(g/(-508))*o a prime number?
False
Let w(k) = -22 - 399*k - 114*k - 4 - 35. Is w(-14) a prime number?
True
Suppose -177*w = -86*w - 11411309. Is w composite?
False
Suppose -4*s = -2*y + 880558, -5*s + 237993 = 2*y - 642574. Is y prime?
True
Suppose t - 2*t = -3*y + 217, 3*y = 2*t + 212. Let g = y + -191. Let v = -34 - g. Is v a composite number?
False
Suppose h - 11 = -13, -2*y - h = 14. Let b(j) = j. Let m be b(1). Is -4 - y - m - -418 composite?
False
Let o = 44952 + -26000. Suppose -1696 = -8*k + o. Is k composite?
True
Let c be ((-931)/2)/(48/(-864)). Suppose 5*v - 4786 = c. Is v a composite number?
False
Let d(x) = -1661*x**3 + x**2 - 5*x + 51. Is d(-4) a composite number?
False
Suppose 11*g - 2 = 10*g. Suppose 0 = 4*r + g + 10. Let k(s) = 115*s**2 + 10*s + 2. Is k(r) a composite number?
True
Is ((-5)/2)/(5/(-15802)) prime?
True
Suppose 22197014 = -513*a + 124667727 + 72138584. Is a prime?
True
Let o be 10/15 + 4/3. Let j be (-1)/((-1)/(-2) + 48/(-64)). Suppose -o*v + j*v = 4*a + 750, -2*a = 4. Is v composite?
True
Suppose -4*z - 5*w = 0, -3*z - 12 = 5*w - 7. Suppose 4*u + 55*f - 52*f = 66659, 0 = -3*u + z*f + 49958. Is u a composite number?
False
Let o(g) = -2*g + 10. Let n = -56 - -68. Let u be o(n). Is 2*1 - -6*(-1631)/u prime?
True
Suppose -4*s - 2*u - 2*u - 16 = 0, -5*s = u + 4. Suppose s = 2*a - 381 + 191. Is a prime?
False
Suppose -13*w - 13924479 = -36*w - 28*w. Is w prime?
True
Is ((-20643427)/651)/(2/(-6)) composite?
False
Suppose 2*g + 36 = 4*i, 0 = i + 3*g - 2. Suppose i*r - 6*r = 0. Suppose r = -10*o + 7*o + 381. Is o prime?
True
Suppose 7*s + 5654825 + 2116080 = 26*s. Is s a prime number?
False
Suppose -5*y + 4*g + 943663 = 0, 258*g + 15 = 263*g. Is y a composite number?
True
Let d = 1431989 + -629170. Is d a composite number?
True
Let p(m) = m**2 + 12*m + 23. Let a be p(-10). Suppose 3*k + 32339 = 5*s, -k - 1 = -a. Is s prime?
True
Let q = 90 + 1510. Suppose 0 = j - q + 189. Is j a composite number?
True
Suppose 342 = 8*z - 2*z. Suppose -52*v + z*v = -13285. Let g = 3808 + v. Is g a prime number?
True
Suppose -4*z = -3*z - 4. Let q(v) = 332*v - 66. Is q(z) composite?
True
Let g be (-14850)/(-378) - 4/14. Is 489983/g - 8/12 prime?
False
Suppose 12*m = 2300590 - 903658. Is m a prime number?
True
Suppose 9*u = 12*u + 47352. Let p be u/(-28) + 2/7. Suppose -8*x + 3692 = p. Is x composite?
True
Let i(a) = a**3 + 7*a**2 - 3*a - 7. Let r be i(-6). Let z = -45 + r. Suppose -p + 3*p + 3*n = 686, -3*p + z*n = -1003. Is p a prime number?
True
Suppose 2*j - 7 = -3. Suppose -j*y - 4*i = -8*i - 134, 4*y - 5*i = 256. Suppose -67 = -6*s + y. Is s a prime number?
False
Let h = -20 + 16. Let c be (-6 - h) + -2 - 354. Is c/4*(-5 - -3) composite?
False
Let a be ((-4)/20*0)/(-2). Let h(j) = -j - 9. Let q be h(a). Let o(w) = 28*w**2 + 2*w - 1. Is o(q) composite?
True
Let b(m) = -14*m + 2*m**2 + 9*m + 1 - 243*m**3 - 118*m**3. Is b(-3) composite?
False
Suppose 8*u + 46151 = 4*b - 462429, 3*u - 254332 = -2*b. Is b prime?
True
Let m = -2761 + 7244. Suppose 3*s - 1006 = -a + 2360, 3*a = -4*s + m. Is s composite?
False
Suppose -68*o + o = 3218724 - 18233491. Is o composite?
False
Let x(d) be the third derivative of d**5/60 - 3*d**4/4 - 11*d**3/6 + 38*d**2. Let h be x(19). Let f(s) = 12*s**2 - 7*s + 19. Is f(h) a prime number?
False
Let o(i) = -4*i - 42. Let s be o(-11). Let f(r) = -8*r**2 + 9*r**s - 11 + 0 - 9*r. Is f(-5) a composite number?
False
Let b = -106 + 109. Suppose 2*f + 3*h = 6*f + 4, b*f = -4*h + 22. Suppose f*v + 88 - 16662 = 0. Is v prime?
True
Let w be (204/(-8))/(2/68). Let l = w - -512. Let u = l - -1086. Is u composite?
True
Is (((-28)/(-7))/(-4))/(1/(-47491)) prime?
True
Let i = -2136 + 5828. Suppose 4*j - 61648 + i = 0. Is j a prime number?
True
Suppose -645*i + 11232114 = -399*i. Is i composite?
False
Let p be ((-102)/119)/((-1)/26684). Suppose 20 = 3*t + o, o + 4 = -0*o. Suppose -2000 = t*j - p. Is j composite?
False
Suppose 124 = -d - 45. Suppose -4*k + 5*p = 91, 5*k = 10*p - 8*p - 118. Let l = k - d. Is l prime?
False
Suppose 75355 = 5*z + 5*q, -5*z + q + 27960 + 47431 = 0. Is z composite?
False
Suppose 6*o + 0*o - 147853 = 5*o. Is o prime?
True
Suppose -3*y + 4*y - 11809 = -3*g, -4*g + 59089 = 5*y. Let u = 22578 - y. Is u composite?
True
Let g = -70 + 92. Let v(d) = d**3 - 2*d**2 - 15*d + 47. Is v(g) composite?
False
Let x be (-52)/3*(0/4 + -15). Let t = 451 - x. Is t a composite number?
False
Suppose 471*p - 2*n = 467*p + 59980, n = -3*p + 44995. Is p prime?
False
Let n(v) = v**3 + 5*v**2 - 12. Let m be n(-4). Suppose 3392 = 4*j + m*x - 10392, -5*j + 17236 = 3*x. Is j a composite number?
False
Suppose -7*t = -4*t, 7521 = 3*b + t. Let k = b - 1668. Is k a prime number?
True
Suppose -3*w + 4*w = a + 38055, -190284 = -5*w + 2*a. Suppose 35*z = 41*z - w. Is z a composite number?
False
Let g(p) = p**3 + 8*p**2 - 3*p + 16. Let d be g(-8). Let f be (6/15)/(2/50). Is 11144/f - (-24)/d a composite number?
True
Suppose -388461 = -1221*v + 1218*v. Is v prime?
False
Let r = 711 - 555. Suppose -163*a = -r*a - 14315. Is a a prime number?
False
Suppose 2*i - 1686 = -m + 61360, -3*i = 5*m - 94569. Is i a prime number?
False
Let p(b) = -7*b**2 - 15*b - 38. Let f(x) = 3*x**2 + 8*x + 19. Let m(d) = -5*f(d) - 2*p(d). Let j be m(-8). Let g(u) = -57*u - 10. Is g(j) a prime number?
False
Suppose -3*c = 4*s - 1322624, 0 = 5*s + 210*c - 212*c - 1653303. Is s prime?
False
Suppose -13692 = -14*y + 35*y. Let b = 885 + y. Is b composite?
False
Suppose 138*y = 328826 + 3330796. Is y prime?
False
Suppose 2*a - 310372 = -4*p, 5*p - 15*a = -11*a + 387939. Is p prime?
True
Suppose 23*v = -34*v + 88236. Let r = 1627 + -138. Let s = r + v. Is s composite?
False
Let c = 121 - 14